27b948 (base 13) in base 2?
-11101100011001000101
What is -19b336 (base 15) in base 12?
-505043
-112323021202 (base 4) to base 6
-332445254
166136 (base 9) to base 8
310767
5885b (base 15) to base 11
182974
361465 (base 8) to base 7
1023434
12005233 (base 6) to base 2
1011011011010010101
What is -57858 (base 9) in base 2?
-1001011011010001
-358010 (base 9) to base 5
-23401133
Convert d71 (base 16) to base 13.
1749
Convert -24312354 (base 6) to base 2.
-10111100011001101110
475817 (base 14) to base 12
995539
Convert 573b35 (base 13) to base 8.
7700766
What is -1183390 (base 10) in base 16?
-120e9e
-78170 (base 9) to base 14
-14cb5
What is -134431422 (base 5) in base 14?
-143c2c
Convert -40798 (base 11) to base 15.
-1297d
What is 502420 (base 15) in base 8?
16406613
What is 122021200211001 (base 3) in base 9?
18250731
What is 10123212230 (base 4) in base 11?
723840
7717 (base 15) to base 2
110001010000110
Convert 20312031030 (base 4) to base 10.
2319180
-102200011202 (base 3) to base 8
-700603
What is -373473 (base 8) in base 7?
-1044406
What is -122441025 (base 6) in base 9?
-4411078
What is 226303 (base 9) in base 2?
100001001010100000
Convert 67b3d (base 14) to base 15.
4e995
-2130030111 (base 4) to base 14
-129217
Convert -2972039 (base 10) to base 12.
-bb3b1b
What is -bb19a (base 15) in base 11?
-376617
Convert 42124 (base 5) to base 12.
1745
What is -534880 (base 10) in base 13?
-1595c8
What is -133002323 (base 5) in base 8?
-2440725
What is -32202545 (base 6) in base 14?
-1a9d61
-4284a (base 11) to base 3
-10011101111
Convert 10302123 (base 4) to base 7.
111114
-636363 (base 12) to base 16
-17e57b
Convert -3660046 (base 7) to base 4.
-1302110011
-22222213013 (base 4) to base 16
-2aa9c7
Convert 610145 (base 8) to base 5.
22411210
What is 1110001100000011111 (base 2) in base 14?
c1611
Convert 100011100100010001 (base 2) to base 8.
434421
-356226 (base 7) to base 6
-1215030
-2300011110 (base 4) to base 9
-1318313
24890 (base 10) to base 14
90dc
Convert 111001101110011100 (base 2) to base 4.
321232130
What is -123856 (base 12) in base 3?
-120002000010
Convert -1022035 (base 9) to base 11.
-343292
What is 3519 (base 10) in base 16?
dbf
-101121210121 (base 3) to base 9
-347717
Convert 28476 (base 9) to base 12.
b243
-2221401220 (base 5) to base 3
-100011112012200
What is 420453 (base 6) in base 8?
102121
-671504 (base 9) to base 6
-12334051
What is -1847004 (base 9) in base 14?
-1cd37a
Convert 3cd001 (base 16) to base 8.
17150001
620972 (base 11) to base 12
4009b0
What is 3146610 (base 9) in base 7?
20214015
-163189 (base 16) to base 12
-5a1861
What is -310331 (base 10) in base 9?
-522622
-83632 (base 12) to base 4
-221333012
Convert -1a51dc (base 14) to base 16.
-e489e
What is 10111101000000110 (base 2) in base 16?
17a06
What is -1110440221 (base 6) in base 14?
-1864017
576017 (base 11) to base 14
19ba26
What is -55364 (base 12) in base 11?
-77851
42c72 (base 15) to base 10
212057
What is -643743 (base 8) in base 13?
-76b34
What is -45c6 (base 14) in base 11?
-9128
What is -15a169 (base 13) in base 16?
-82f04
-147663 (base 11) to base 2
-111000000101011111
Convert -12344215 (base 8) to base 3.
-12011010021011
2531515 (base 6) to base 13
4a180
-469815 (base 11) to base 8
-2657065
What is 273621 (base 10) in base 16?
42cd5
Convert 82346 (base 12) to base 14.
45c6a
What is -100110011101110110001 (base 2) in base 7?
-13466553
What is 11211201022100 (base 3) in base 15?
35c4e6
-1424014 (base 7) to base 11
-120603
2a2897 (base 12) to base 10
709747
Convert a39913 (base 11) to base 8.
6270673
What is -4234216 (base 7) in base 3?
-222001120011
What is 33ccc (base 16) in base 2?
110011110011001100
Convert -36917a6 (base 12) to base 9.
-22016830
329cb (base 15) to base 6
3240345
Convert -112021222201212 (base 3) to base 15.
-a01165
What is -100010110101000100 (base 2) in base 9?
-236621
a46522 (base 12) to base 9
4765318
Convert 2134578 (base 11) to base 9.
7051603
1433413 (base 5) to base 2
111011100010011
Convert 161260 (base 11) to base 12.
100ba0
-543043 (base 7) to base 2
-10111000111101011
-14300430 (base 5) to base 9
-247824
1032000102 (base 4) to base 15
64a06
What is -508ad (base 14) in base 10?
-193801
What is 415521 (base 8) in base 13?
4aac5
Convert 129118 (base 10) to base 12.
6287a
Convert -30112 (base 12) to base 3.
-10011112212
What is -559c0 (base 13) in base 6?
-3155431
What is 4110212 (base 6) in base 3?
100221112222
What is 130312300000 (base 4) in base 12?
2649594
Convert 23103200 (base 4) to base 2.
1011010011100000
Convert -3312220434 (base 5) to base 13.
-163383c
What is -40233211 (base 7) in base 15?
-45d734
Convert -114664 (base 7) to base 6.
-240504
-123031321 (base 4) to base 11
-76837
What is 113212103202 (base 4) in base 6?
340331510
-2320300133 (base 4) to base 9
-1373072
Convert -11166276 (base 8) to base 13.
-6695c4
Convert -1001010101111110 (base 2) to base 10.
-38270
What is 629e7 (base 16) in base 11?
256541
Convert 55b001 (base 14) to base 3.
12110220200002
-873876 (base 9) to base 11
-32666a
-10000011000 (base 3) to base 6
-1133513
-177758 (base 12) to base 16
-63674
-39599 (base 16) to base 8
-712631
What is 3139955 (base 11) in base 15?
744525
What is 74600 (base 10) in base 14?
1d288
What is -253807 (base 9) in base 2?
-100101100010010001
What is 67e00 (base 15) in base 2?
1010000101100011101
What is -47c30 (base 13) in base 12?
-64262
What is 5b36d4 (base 16) in base 2?
10110110011011011010100
61a556 (base 14) to base 16
3242a0
Convert 1110011001111101 (base 2) to base 16.
e67d
What is 113064 (base 10) in base 14?
2d2c0
What is 2543617 (base 9) in base 10?
1387060
What is -2656 (base 13) in base 2?
-1010101100111
Convert 61118 (base 11) to base 13.
31867
Convert -4915c7 (base 14) to base 15.
-346044
Convert -160064 (base 7) to base 11.
-21538
b9fd7 (base 16) to base 14
15b8b5
Convert 552520423 (base 6) to base 16.
978f9f
Convert 13221230230 (base 4) to base 15.
2994a4
Convert -13f3df (base 16) to base 13.
-36a24a
Convert 11003533 (base 6) to base 7.
2532432
Convert -11100001101111101 (base 2) to base 6.
-2251033
Convert -110010101001110000 (base 2) to base 13.
-73585
Convert -1073c6 (base 13) to base 9.
-650288
Convert 1000101010011111011101 (base 2) to base 3.
11021101111102
What is -1000100101011000001 (base 2) in base 13?
-9b050
-50434314 (base 6) to base 16
-15e806
What is -62dbb (base 14) in base 3?
-110010102122
-2a1410 (base 11) to base 4
-1302311002
Convert -4441103 (base 5) to base 15.
-1801d
Convert 1122452 (base 6) to base 13.
20303
What is -10011100010101001 (base 2) in base 10?
-80041
What is -1833b2 (base 13) in base 11?
-385080
What is -253886 (base 11) in base 9?
-670166
Convert -2026a1 (base 13) to base 3.
-1102000020100
What is 12222100222011 (base 3) in base 13?
872935
-108591 (base 16) to base 15
-165c49
Convert -5a10a68 (base 11) to base 7.
-155054204
Convert 204904 (base 10) to base 7.
1512250
-211313120202 (base 4) to base 13
-20970a2
-1c7792 (base 13) to base 6
-23354522
Convert 2173615 (base 12) to base 8.
30235261
What is 1746d8a (base 14) in base 12?
3a1007a
What is -4379 (base 11) in base 12?
-3411
What is 385960a (base 11) in base 16?
6610f3
Convert -206320 (base 7) to base 5.
-2121313
What is 105526 (base 15) in base 14?
163455
430121 (base 7) to base 12
3713b
Convert f4ef (base 16) to base 15.
138a3
-11322201 (base 5) to base 3
-12022120220
-333244234 (base 5) to base 3
-2202022002121
What is -253517 (base 10) in base 5?
-31103032
Convert -15422023 (base 9) to base 12.
-26aa963
Convert 10010000111110010011101 (base 2) to base 4.
102013302131
474653 (base 14) to base 2
1001010001110110110001
Convert -20566754 (base 8) to base 9.
-8224758
-216682 (base 10) to base 13
-7781b
Convert -40033223 (base 5) to base 6.
-10425245
What is -39b170 (base 16) in base 7?
-44065153
Convert 113202220 (base 4) to base 6.
2022224
103042562 (base 7) to base 16
5d82c7
Convert 275457 (base 8) to base 12.
48213
157ab7 (base 13) to base 7
4342013
What is 5920d7 (base 14) in base 16?
2e651d
What is 21fa56 (base 16) in base 7?
24633024
3030211111 (base 4) to base 14
17b553
1110100000001101100110 (base 2) to base 12
133425a
-2211021010210 (base 3) to base 14
-2b10a5
-305560 (base 7) to base 11
-36428
110